, 5, 13, 97
List the prime factors of 14043305.
5, 2808661
List the prime factors of 156775.
5, 6271
What are the prime factors of 371974?
2, 185987
What are the prime factors of 25871713?
7, 421, 8779
List the prime factors of 2654267.
7, 11, 34471
What are the prime factors of 698452?
2, 174613
List the prime factors of 6794545.
5, 23, 59083
What are the prime factors of 3189365?
5, 637873
What are the prime factors of 1339981?
227, 5903
List the prime factors of 606986.
2, 303493
What are the prime factors of 147805?
5, 7, 41, 103
What are the prime factors of 86503?
23, 3761
List the prime factors of 9552477.
3, 11, 289469
List the prime factors of 6539585.
5, 13, 100609
List the prime factors of 28965213.
3, 3218357
What are the prime factors of 11960349?
3, 3986783
List the prime factors of 5513536.
2, 7, 31, 397
List the prime factors of 421717.
421717
List the prime factors of 1317670.
2, 5, 17, 23, 337
What are the prime factors of 2191167?
3, 11, 22133
List the prime factors of 15952.
2, 997
List the prime factors of 10975846.
2, 7, 17, 107, 431
What are the prime factors of 9279907?
7, 13, 101977
List the prime factors of 3530421.
3, 392269
List the prime factors of 133961.
109, 1229
What are the prime factors of 349428?
2, 3, 37, 787
List the prime factors of 61566.
2, 3, 31, 331
List the prime factors of 10764284.
2, 97, 27743
What are the prime factors of 1835219?
1019, 1801
What are the prime factors of 637513?
637513
What are the prime factors of 345464?
2, 7, 31, 199
What are the prime factors of 2366615?
5, 503, 941
List the prime factors of 190998.
2, 3, 131
What are the prime factors of 255395?
5, 7, 7297
What are the prime factors of 1220136?
2, 3, 50839
What are the prime factors of 2869753?
17, 29, 5821
What are the prime factors of 3542212?
2, 885553
List the prime factors of 527112.
2, 3, 7321
List the prime factors of 973961.
181, 5381
What are the prime factors of 410198?
2, 317, 647
List the prime factors of 416872.
2, 107, 487
List the prime factors of 196548.
2, 3, 11, 1489
List the prime factors of 1344792.
2, 3, 137, 409
What are the prime factors of 5906500?
2, 5, 11813
What are the prime factors of 3734678?
2, 19, 29, 3389
List the prime factors of 1019.
1019
What are the prime factors of 755739?
3, 131, 641
List the prime factors of 100578.
2, 3, 16763
What are the prime factors of 345039?
3, 115013
What are the prime factors of 218618?
2, 281, 389
What are the prime factors of 2495463?
3, 831821
List the prime factors of 135580.
2, 5, 6779
List the prime factors of 10025252.
2, 2506313
What are the prime factors of 1933612?
2, 157, 3079
List the prime factors of 5677177.
11, 47, 79, 139
List the prime factors of 14807434.
2, 7403717
List the prime factors of 616513.
616513
What are the prime factors of 1604600?
2, 5, 71, 113
List the prime factors of 503191.
13, 38707
List the prime factors of 245561.
245561
What are the prime factors of 1667588?
2, 13, 32069
What are the prime factors of 175850?
2, 5, 3517
List the prime factors of 10425835.
5, 7, 297881
List the prime factors of 4449144.
2, 3, 7, 71, 373
List the prime factors of 2680684.
2, 167, 4013
List the prime factors of 847079.
847079
What are the prime factors of 1187855?
5, 237571
List the prime factors of 24777058.
2, 17, 113, 6449
What are the prime factors of 455129?
463, 983
List the prime factors of 286815.
3, 5, 19121
List the prime factors of 18735.
3, 5, 1249
What are the prime factors of 268843?
268843
What are the prime factors of 107704?
2, 13463
List the prime factors of 6170902.
2, 3085451
What are the prime factors of 120719?
61, 1979
What are the prime factors of 216119?
216119
What are the prime factors of 2967121?
103, 28807
What are the prime factors of 2308690?
2, 5, 19, 29, 419
What are the prime factors of 319742?
2, 159871
What are the prime factors of 119679?
3, 7, 41, 139
What are the prime factors of 1908445?
5, 7, 11, 4957
What are the prime factors of 1325541?
3, 7, 17, 47, 79
What are the prime factors of 301908?
2, 3, 139, 181
What are the prime factors of 218048?
2, 3407
What are the prime factors of 188803?
19, 523
List the prime factors of 428799.
3, 7, 2917
What are the prime factors of 2873614?
2, 149, 9643
What are the prime factors of 13439967?
3, 4479989
What are the prime factors of 12945710?
2, 5, 1294571
What are the prime factors of 1598583?
3, 7, 76123
List the prime factors of 8325789.
3, 43, 233, 277
List the prime factors of 821175.
3, 5, 10949
List the prime factors of 88391.
157, 563
List the prime factors of 97949.
41, 2389
What are the prime factors of 14034?
2, 3, 2339
What are the prime factors of 1889511?
3, 13, 48449
List the prime factors of 744987.
3, 167, 1487
List the prime factors of 3363064.
2, 420383
List the prime factors of 274396.
2, 181, 379
List the prime factors of 10539.
3, 1171
List the prime factors of 31880796.
2, 3, 61, 97, 449
What are the prime factors of 308042?
2, 7, 22003
List the prime factors of 697667.
367, 1901
List the prime factors of 5943970.
2, 5, 594397
What are the prime factors of 652071?
3, 7, 31051
List the prime factors of 42713.
11, 353
List the prime factors of 7297634.
2, 19, 192043
List the prime factors of 14685416.
2, 17, 107981
List the prime factors of 492517.
67, 7351
List the prime factors of 2805353.
2805353
List the prime factors of 11025612.
2, 3, 13, 7853
List the prime factors of 14996739.
3, 4998913
What are the prime factors of 419496?
2, 3, 7, 11, 227
List the prime factors of 6397247.
97, 65951
List the prime factors of 38561.
38561
List the prime factors of 616532.
2, 7, 97, 227
List the prime factors of 1690168.
2, 211271
What are the prime factors of 1203235?
5, 11, 131, 167
List the prime factors of 4855279.
11, 13, 19, 1787
What are the prime factors of 5413454?
2, 2706727
What are the prime factors of 33480614?
2, 419, 39953
What are the prime factors of 4772564?
2, 41, 29101
List the prime factors of 129484.
2, 32371
What are the prime factors of 5426376?
2, 3, 226099
List the prime factors of 2430451.
2430451
List the prime factors of 7902077.
163, 48479
What are the prime factors of 342325?
5, 13693
What are the prime factors of 308707?
7, 44101
What are the prime factors of 77282?
2, 17, 2273
What are the prime factors of 361663?
361663
What are the prime factors of 458949?
3, 17, 8999
List the prime factors of 16246941.
3, 499, 10853
What are the prime factors of 940224?
2, 3, 59, 83
List the prime factors of 4670098.
2, 241, 9689
What are the prime factors of 3756784?
2, 234799
What are the prime factors of 326438?
2, 7, 3331
List the prime factors of 10294380.
2, 3, 5, 57191
List the prime factors of 15186009.
3, 43, 117721
What are the prime factors of 395612?
2, 7, 71, 199
What are the prime factors of 969998?
2, 484999
What are the prime factors of 21086090?
2, 5, 337, 6257
List the prime factors of 3847600.
2, 5, 9619
List the prime factors of 15505.
5, 7, 443
What are the prime factors of 39158186?
2, 1153, 16981
List the prime factors of 473900.
2, 5, 7, 677
List the prime factors of 32876710.
2, 5, 439, 7489
List the prime factors of 2625520.
2, 5, 37, 887
List the prime factors of 4654345.
5, 17, 3221
What are the prime factors of 2498415?
3, 5, 166561
List the prime factors of 72991.
47, 1553
What are the prime factors of 220030?
2, 5, 22003
List the prime factors of 2968486.
2, 1484243
What are the prime factors of 551657?
79, 6983
List the prime factors of 7583743.
1187, 6389
What are the prime factors of 2157413?
2157413
List the prime factors of 67454.
2, 29, 1163
What are the prime factors of 270859?
270859
List the prime factors of 1022047.
13, 29, 2711
List the prime factors of 1118282.
2, 11, 4621
List the prime factors of 175342.
2, 87671
What are the prime factors of 12191242?
2, 7, 23, 37861
List the prime factors of 17604481.
109, 373, 433
What are the prime factors of 280259?
7, 40037
List the prime factors of 7003911.
3, 673, 3469
What are the prime factors of 6598496?
2, 206203
List the prime factors of 3713823.
3, 263, 523
List the prime factors of 1226876.
2, 7, 43, 1019
What are the prime factors of 12260453?
19, 127, 5081
What are the prime factors of 394405?
5, 11, 71, 101
What are the prime fa